sands digit of 392833?
2
What is the hundreds digit of 7521110?
1
What is the units digit of 29029?
9
What is the millions digit of 3827942?
3
What is the units digit of 942295?
5
What is the hundreds digit of 178514?
5
What is the ten millions digit of 12107856?
1
What is the millions digit of 3745784?
3
What is the hundreds digit of 11613528?
5
What is the tens digit of 13318?
1
What is the hundreds digit of 11374327?
3
What is the hundred thousands digit of 2250246?
2
What is the units digit of 156376?
6
What is the tens digit of 571995?
9
What is the hundred thousands digit of 373134?
3
What is the tens digit of 811481?
8
What is the hundred thousands digit of 1712426?
7
What is the ten thousands digit of 9717759?
1
What is the thousands digit of 493834?
3
What is the ten thousands digit of 215162?
1
What is the hundred thousands digit of 3284379?
2
What is the thousands digit of 237040?
7
What is the hundreds digit of 2958542?
5
What is the millions digit of 5276018?
5
What is the units digit of 88241?
1
What is the millions digit of 33914887?
3
What is the tens digit of 223393?
9
What is the hundreds digit of 421545?
5
What is the thousands digit of 412565?
2
What is the tens digit of 332158?
5
What is the hundred thousands digit of 981648?
9
What is the hundred thousands digit of 18320518?
3
What is the thousands digit of 137745?
7
What is the tens digit of 157599?
9
What is the ten thousands digit of 520073?
2
What is the units digit of 3169402?
2
What is the ten thousands digit of 371612?
7
What is the ten thousands digit of 43106?
4
What is the ten thousands digit of 60088?
6
What is the units digit of 7074313?
3
What is the hundred thousands digit of 1918741?
9
What is the hundreds digit of 490057?
0
What is the ten thousands digit of 1498272?
9
What is the ten thousands digit of 2605009?
0
What is the hundred thousands digit of 114849?
1
What is the ten thousands digit of 365706?
6
What is the tens digit of 6354578?
7
What is the millions digit of 1179414?
1
What is the thousands digit of 13458195?
8
What is the tens digit of 2834733?
3
What is the hundred thousands digit of 4736110?
7
What is the thousands digit of 6404358?
4
What is the hundred thousands digit of 229031?
2
What is the units digit of 102355?
5
What is the hundreds digit of 23964683?
6
What is the hundreds digit of 4713207?
2
What is the hundred thousands digit of 8973458?
9
What is the hundred thousands digit of 1335246?
3
What is the ten thousands digit of 13342491?
4
What is the thousands digit of 726403?
6
What is the millions digit of 13520425?
3
What is the millions digit of 5070249?
5
What is the hundred thousands digit of 20105765?
1
What is the units digit of 498073?
3
What is the thousands digit of 306033?
6
What is the thousands digit of 747513?
7
What is the hundreds digit of 620951?
9
What is the ten thousands digit of 135828?
3
What is the hundreds digit of 994995?
9
What is the thousands digit of 630145?
0
What is the millions digit of 2048221?
2
What is the hundred thousands digit of 1210746?
2
What is the hundred thousands digit of 138094?
1
What is the hundreds digit of 25857791?
7
What is the ten thousands digit of 553254?
5
What is the units digit of 5524743?
3
What is the tens digit of 1579209?
0
What is the hundred thousands digit of 4014698?
0
What is the hundred thousands digit of 776833?
7
What is the hundreds digit of 106805?
8
What is the ten thousands digit of 3595424?
9
What is the units digit of 427462?
2
What is the ten thousands digit of 1408110?
0
What is the ten thousands digit of 1378258?
7
What is the thousands digit of 123462?
3
What is the tens digit of 42865?
6
What is the tens digit of 10730426?
2
What is the tens digit of 1601295?
9
What is the tens digit of 1954325?
2
What is the tens digit of 262837?
3
What is the units digit of 5591398?
8
What is the tens digit of 3951211?
1
What is the thousands digit of 1811588?
1
What is the ten thousands digit of 154399?
5
What is the ten millions digit of 44507548?
4
What is the units digit of 586206?
6
What is the hundreds digit of 163470?
4
What is the tens digit of 237391?
9
What is the ten thousands digit of 35884328?
8
What is the hundreds digit of 2330103?
1
What is the hundreds digit of 1575402?
4
What is the ten thousands digit of 44085382?
8
What is the tens digit of 1308177?
7
What is the hundreds digit of 230452?
4
What is the thousands digit of 1415150?
5
What is the units digit of 289672?
2
What is the thousands digit of 2885402?
5
What is the ten thousands digit of 358112?
5
What is the hundreds digit of 187175?
1
What is the millions digit of 4592573?
4
What is the hundreds digit of 950628?
6
What is the thousands digit of 184581?
4
What is the units digit of 1590624?
4
What is the thousands digit of 632171?
2
What is the tens digit of 16742050?
5
What is the thousands digit of 7611?
7
What is the units digit of 305877?
7
What is the tens digit of 31159?
5
What is the hundred thousands digit of 3376127?
3
What is the hundreds digit of 2014838?
8
What is the hundred thousands digit of 567501?
5
What is the units digit of 1587611?
1
What is the tens digit of 3556386?
8
What is the hundred thousands digit of 5242085?
2
What is the tens digit of 2874730?
3
What is the hundreds digit of 244737?
7
What is the ten thousands digit of 973877?
7
What is the hundred thousands digit of 9769957?
7
What is the units digit of 11223405?
5
What is the thousands digit of 3200986?
0
What is the hundred thousands digit of 666478?
6
What is the hundreds digit of 1591082?
0
What is the units digit of 4234161?
1
What is the hundred thousands digit of 4939854?
9
What is the hundred thousands digit of 12408432?
4
What is the tens digit of 1344086?
8
What is the hundreds digit of 962340?
3
What is the ten thousands digit of 246072?
4
What is the ten thousands digit of 2177930?
7
What is the ten thousands digit of 9297586?
9
What is the millions digit of 22149493?
2
What is the hundred thousands digit of 228696?
2
What is the tens digit of 24872325?
2
What is the ten thousands digit of 1323294?
2
What is the hundred thousands digit of 22255081?
2
What is the ten thousands digit of 709202?
0
What is the ten thousands digit of 332901?
3
What is the units digit of 4638105?
5
What is the thousands digit of 1153606?
3
What is the millions digit of 2402218?
2
What is the thousands digit of 282267?
2
What is the hundreds digit of 319759?
7
What is the hundreds digit of 3546482?
4
What is the tens digit of 11355?
5
What is the hundred thousands digit of 5409883?
4
What is the units digit of 1272929?
9
What is the tens digit of 286682?
8
What is the thousands digit of 1647586?
7
What is the hundreds digit of 1485206?
2
What is the ten thousands digit of 4332116?
3
What is the tens digit of 502614?
1
What is the thousands digit of 723195?
3
What is the hundred thousands digit of 1461525?
4
What is the tens digit of 50242?
4
What is the tens digit of 8521269?
6
What is the millions digit of 3048421?
3
What is the hundreds digit of 19888252?
2
What is the units digit of 258608?
8
What is the hundreds digit of 599186?
1
What is the hundreds digit of 215153?
1
What is the thousands digit of 3872?
3
What is the hundreds digit of 77537?
5
What is the hundreds digit of 901030?
0
What is the tens digit of 6000267?
6
What is the tens digit of 105311?
1
What is the units digit of 2668161?
1
What is the ten thousands digit of 2835763?
3
What is the ten thousands digit of 89479?
8
What is the hundred thousands digit of 4443347?
4
What is the hundred thousands digit of 225077?
2
What is the millions digit of 1687081?
1
What is the hundreds digit of 361186?
1
What is the tens digit of 14856233?
3
What is the tens digit of 227967?
6
What is the thousands digit of 4808?
4
What is the thousands digit of 57741?
7
What is the hundred thousands digit of 1829791?
8
What is the units digit of 485939?
9
What is the tens digit of 628827?
2
What is the hundred thousands digit of 11497598?
4
What is the thousands digit of 23876?
3
What is the hundreds digit of 72561?
5
What is the hundred thousands digit of 3999524?
9
What is the hundred thousands digit of 17235070?
2
What is the thousands digit of 32584691?
4
What is the uni